base 10, what is -2906 - 34?
-2940
In base 10, what is 0 - -20437?
20437
In base 4, what is 21223020 - -11?
21223031
In base 3, what is -222000021010 + 2?
-222000021001
In base 11, what is -9a202 + -3?
-9a205
In base 8, what is 56 + 106154?
106232
In base 4, what is -33310 + -200?
-100110
In base 6, what is -110220 - -12?
-110204
In base 3, what is 11012220 + 101?
11020021
In base 13, what is -131b - 1?
-131c
In base 12, what is -16a - 186?
-334
In base 16, what is -15e68 - -14?
-15e54
In base 11, what is -136a396 + 5?
-136a391
In base 8, what is 11 + 177730?
177741
In base 12, what is 145 - -1b26?
206b
In base 10, what is 7665 + 6?
7671
In base 6, what is 144231454 - 4?
144231450
In base 15, what is 5 + -2526?
-2521
In base 10, what is 0 + 17183?
17183
In base 9, what is -51 + -8801?
-8852
In base 13, what is -56 - -5a1?
548
In base 9, what is -3 + -307167?
-307171
In base 6, what is -35 - 1353?
-1432
In base 14, what is 2 + 9004?
9006
In base 4, what is 1 + 1101321?
1101322
In base 15, what is -12 - dc33?
-dc45
In base 7, what is -2662 + -102?
-3064
In base 11, what is 1a348 - 112?
1a236
In base 2, what is 10101 - -1001001011110?
1001001110011
In base 12, what is -509 + 10b?
-3ba
In base 3, what is -1211112 + 10200?
-1200212
In base 9, what is -3664 - 2?
-3666
In base 11, what is 5 - -3000?
3005
In base 3, what is -1101120 - -10201?
-1020212
In base 2, what is -11001001000 + 111110?
-11000001010
In base 2, what is -1011011101011 + 10?
-1011011101001
In base 15, what is 1 + -1acb7?
-1acb6
In base 11, what is 0 + -33792?
-33792
In base 11, what is -6956 + -16?
-6971
In base 2, what is 10100000011 + 110000100010?
1000100100101
In base 16, what is -4 - 152b0?
-152b4
In base 2, what is -100 + -100001011001110?
-100001011010010
In base 15, what is -237c - -55?
-2327
In base 13, what is 10 - -24076?
24086
In base 16, what is -2 - -26ad3?
26ad1
In base 4, what is 23233 - -110?
30003
In base 3, what is -11112201 - -22?
-11112102
In base 5, what is 121 + -202433?
-202312
In base 10, what is 195912 - -2?
195914
In base 15, what is 2 + -17aa26?
-17aa24
In base 15, what is -217b + 4e?
-212c
In base 7, what is 1251212 - -1?
1251213
In base 3, what is 2012201 + -11?
2012120
In base 10, what is -1011 - -314?
-697
In base 11, what is 2 - 15923?
-15921
In base 4, what is 2222 - -101330?
110212
In base 2, what is 11001 + -1101010111010?
-1101010100001
In base 6, what is -4 + 1412541?
1412533
In base 16, what is 8 - -e4c0?
e4c8
In base 12, what is -5 + 63652?
63649
In base 5, what is -323102 + -4?
-323111
In base 3, what is -201021 - 201212?
-1110010
In base 8, what is -24771 + -12?
-25003
In base 11, what is -152 + -118?
-26a
In base 14, what is -80 + -243?
-2c3
In base 2, what is -1101111101100 - -1001011110?
-1100110001110
In base 4, what is 231212023 - -10?
231212033
In base 7, what is -24 + 2111?
2054
In base 13, what is -1 + 28c79?
28c78
In base 13, what is 4175 - 1?
4174
In base 15, what is 29 + 53d?
567
In base 11, what is 15695 + 2?
15697
In base 13, what is -3b4 + 576?
192
In base 5, what is 30 - -102434?
103014
In base 11, what is -36 + 5147?
5111
In base 13, what is -3 - 5bbc?
-5bc2
In base 4, what is 12 + 110001?
110013
In base 6, what is 1 + -41002010?
-41002005
In base 11, what is -4 + 1532?
1529
In base 12, what is -33b772 + 4?
-33b76a
In base 5, what is -11033 + -32?
-11120
In base 3, what is -11 - 21102102?
-21102120
In base 8, what is -30 + -144267?
-144317
In base 6, what is -2423421 - 11?
-2423432
In base 4, what is -102331133 - -132?
-102331001
In base 3, what is 10022111011 + -11?
10022111000
In base 15, what is 4 + 6bcc?
6bd1
In base 6, what is 454 + -11522?
-11024
In base 4, what is 112 - -3?
121
In base 9, what is -38658 - 44?
-38713
In base 3, what is 2 + 100211211?
100211220
In base 12, what is -31a1 + -16?
-31b7
In base 15, what is -152b78 - -8?
-152b70
In base 2, what is -1000 + 10011100110100010?
10011100110011010
In base 6, what is 315321 + 4?
315325
In base 2, what is 1 - -1011000001?
1011000010
In base 10, what is 195 - 138?
57
In base 4, what is 302 - 1032012?
-1031110
In base 2, what is -11110110001111101 - -10?
-11110110001111011
In base 12, what is -15 + 14216?
14201
In base 9, what is -76782 + -1?
-76783
In base 5, what is -214 + 1410104?
1404340
In base 14, what is 3 - -20412?
20415
In base 10, what is -2260 - 553?
-2813
In base 6, what is -1343 + 305?
-1034
In base 10, what is 56462 + 4?
56466
In base 7, what is -346 + 0?
-346
In base 3, what is 100010100 + 1102?
100011202
In base 4, what is -2 - 2022013?
-2022021
In base 8, what is -5 - 44641?
-44646
In base 8, what is 1 - -10512?
10513
In base 8, what is -4 - -16123?
16117
In base 15, what is -5 + -31c87?
-31c8c
In base 2, what is 11110100 + 10110101001?
11010011101
In base 14, what is -1b81 - 3?
-1b84
In base 2, what is 100 + -101000010111101111111?
-101000010111101111011
In base 10, what is 1878 - -2?
1880
In base 5, what is -4 + 22220?
22211
In base 10, what is -694679 + 5?
-694674
In base 5, what is 1314214 + 2?
1314221
In base 12, what is 63278 - -1?
63279
In base 4, what is 21031 - -33223?
120320
In base 10, what is -5 + -74994?
-74999
In base 6, what is 1420 - 0?
1420
In base 10, what is -36 + 7656?
7620
In base 9, what is -8 + 12614?
12605
In base 7, what is -1 + -11130?
-11131
In base 9, what is 80621 + 5?
80626
In base 8, what is 2 + -20554?
-20552
In base 7, what is 63 - 4243?
-4150
In base 15, what is c36 + 5?
c3b
In base 2, what is 1001 + 1101100000111?
1101100010000
In base 13, what is 7b621 - 2?
7b61c
In base 13, what is 1c962 + 15?
1c977
In base 15, what is 5 - -7aaea?
7ab00
In base 14, what is 3583b - 1?
3583a
In base 16, what is -48e6 - -36?
-48b0
In base 15, what is 5 + -b1376?
-b1371
In base 4, what is 10 + -200010112?
-200010102
In base 11, what is 3 + 1135a?
11362
In base 8, what is -57172 + 3?
-57167
In base 11, what is 4 + 781521?
781525
In base 15, what is -3 + 1721?
171d
In base 11, what is 11aa - -a44?
2143
In base 4, what is -20 - -332210?
332130
In base 16, what is -1bf + -1a?
-1d9
In base 2, what is -10011 + 101000110001011?
101000101111000
In base 6, what is 323 - -2050?
2413
In base 12, what is -1 + a33a?
a339
In base 3, what is -1200002222 - 12?
-1200010011
In base 7, what is -31521436 + 0?
-31521436
In base 10, what is -20 - 1513?
-1533
In base 13, what is -318 + -4?
-31c
In base 2, what is -1001111011 + -1101010?
-1011100101
In base 13, what is 6ac9 + 21?
6b1a
In base 3, what is 20212 + 12101101?
12122020
In base 5, what is 4001240302 + -10?
4001240242
In base 2, what is -11111000101 + -1010001?
-100000010110
In base 7, what is 10044 + -461?
6253
In base 15, what is ed - -1148?
1246
In base 16, what is 84f + -104?
74b
In base 4, what is -100333 + 10113?
-30220
In base 10, what is -14 + -8143?
-8157
In base 11, what is -34952 + -5?
-34957
In base 16, what is 16 + -34f?
-339
In base 2, what is 1010010111001 + 1011?
1010011000100
In base 2, what is -10100111011 + -10000110010?
-100101101101
In base 12, what is -a609 + -5?
-a612
In base 13, what is 9 - a2b6?
-a2aa
In base 11, what is -5 + -5633?
-5638
In base 12, what is -24b - 3190?
-341b
In base 5, what is -2 - 342123420?
-342123422
In base 15, what is 3e04 + 6?
3e0a
In base 9, what is -14876 + 134?
-14742
In base 16, what is 103 - 6c5?
-5c2
In base 16, what is -199c + -b0?
-1a4c
In base 11, what is 144 - 24?
120
In base 16, what is 1d3 + 1d?
1f0
In base 3, what is -1 + 201012021000?
201012020222
In base 7, what is -11153056 + 0?
-11153056
In base 7, what is 113 + 11032?
11145
In base 12, what is 95 - 2152?
-2079
In base 13, what is 3 + 30193?
30196
In base 4, what is 10332 + 2300?
13232
In base 5, what is 0 - 214344?
-214344
In base 8, what is 4160555 - 4?
4160551
In base 11, what is 16 - -46863?
46879
In base 9, what is 3 + -4834?
-4831
In base 11, what is -108270 - -2?
-108269
In base 10, what is 4 + -9835?
-9831
In base 6, what is 21011 - 12?
20555
In base 16, what is -3 + 2ba48?
2ba45
In base 9, what is -10418 + -357?
-10776
In base 13, what is 1 + -44a3?
-44a2
In base 15, what is 2 - 6045?
-6043
In base 9, what is -5831 - 4?
-5835
In base 13, what is -10338 + -5?
-10340
In base 13, what is 9 - 1066?
-105a
In base 10, what is -3762 + 20?
-3742
In base 7, what is 3565 - 3655?
-